{"version":"1.0","provider_name":"Women in Tech e.V.","provider_url":"https:\/\/www.womenintechev.de\/en\/","author_name":"Lucia","author_url":"https:\/\/www.womenintechev.de\/en\/author\/lucia\/","title":"Interview mit Eva Parth dos Santos, Unternehmerin und Gr\u00fcnderin Mint Girls - Women in Tech e.V.","type":"rich","width":600,"height":338,"html":"<blockquote class=\"wp-embedded-content\" data-secret=\"wmrveuG0hX\"><a href=\"https:\/\/www.womenintechev.de\/en\/interview-mit-eva-parth-dos-santos\/\">Interview mit Eva Parth dos Santos, Unternehmerin und Gr\u00fcnderin Mint Girls<\/a><\/blockquote><iframe sandbox=\"allow-scripts\" security=\"restricted\" src=\"https:\/\/www.womenintechev.de\/en\/interview-mit-eva-parth-dos-santos\/embed\/#?secret=wmrveuG0hX\" width=\"600\" height=\"338\" title=\"&#8220;Interview mit Eva Parth dos Santos, Unternehmerin und Gr\u00fcnderin Mint Girls&#8221; &#8212; Women in Tech e.V.\" data-secret=\"wmrveuG0hX\" frameborder=\"0\" marginwidth=\"0\" marginheight=\"0\" scrolling=\"no\" class=\"wp-embedded-content\"><\/iframe><script type=\"text\/javascript\">\n\/* <![CDATA[ *\/\n\/*! This file is auto-generated *\/\n!function(d,l){\"use strict\";l.querySelector&&d.addEventListener&&\"undefined\"!=typeof URL&&(d.wp=d.wp||{},d.wp.receiveEmbedMessage||(d.wp.receiveEmbedMessage=function(e){var t=e.data;if((t||t.secret||t.message||t.value)&&!\/[^a-zA-Z0-9]\/.test(t.secret)){for(var s,r,n,a=l.querySelectorAll('iframe[data-secret=\"'+t.secret+'\"]'),o=l.querySelectorAll('blockquote[data-secret=\"'+t.secret+'\"]'),c=new RegExp(\"^https?:$\",\"i\"),i=0;i<o.length;i++)o[i].style.display=\"none\";for(i=0;i<a.length;i++)s=a[i],e.source===s.contentWindow&&(s.removeAttribute(\"style\"),\"height\"===t.message?(1e3<(r=parseInt(t.value,10))?r=1e3:~~r<200&&(r=200),s.height=r):\"link\"===t.message&&(r=new URL(s.getAttribute(\"src\")),n=new URL(t.value),c.test(n.protocol))&&n.host===r.host&&l.activeElement===s&&(d.top.location.href=t.value))}},d.addEventListener(\"message\",d.wp.receiveEmbedMessage,!1),l.addEventListener(\"DOMContentLoaded\",function(){for(var e,t,s=l.querySelectorAll(\"iframe.wp-embedded-content\"),r=0;r<s.length;r++)(t=(e=s[r]).getAttribute(\"data-secret\"))||(t=Math.random().toString(36).substring(2,12),e.src+=\"#?secret=\"+t,e.setAttribute(\"data-secret\",t)),e.contentWindow.postMessage({message:\"ready\",secret:t},\"*\")},!1)))}(window,document);\n\/\/# sourceURL=https:\/\/www.womenintechev.de\/wp-includes\/js\/wp-embed.min.js\n\/* ]]> *\/\n<\/script>\n","thumbnail_url":"https:\/\/www.womenintechev.de\/wp-content\/uploads\/2021\/07\/Headshot-Eva-quer.jpg","thumbnail_width":1020,"thumbnail_height":765,"description":"WIT: Hallo, Eva, bitte erz\u00e4hle uns doch einmal kurz von dir pers\u00f6nlich. Eva: Ich bin Unternehmerin, Gr\u00fcnderin und Unterst\u00fctzerin junger M\u00e4dchen und Frauen. Nach einer Karriere in einer grossen internationalen Firma, wo ich Softwaresysteme implementiert und ausgerollt habe, bin ich nun in der Start-up Welt gelandet und habe vor kurzem meine 2. Firma gegr\u00fcndet. WIT: ..."}

Interview mit Eva Parth dos Santos, Unternehmerin und Gründerin Mint Girls - Women in Tech e.V.

<blockquote class="wp-embedded-content" data-secret="wmrveuG0hX"><a href="https://www.womenintechev.de/en/interview-mit-eva-parth-dos-santos/">Interview mit Eva Parth dos Santos, Unternehmerin und Gründerin Mint Girls</a></blockquote><iframe sandbox="allow-scripts" security="restricted" src="https://www.womenintechev.de/en/interview-mit-eva-parth-dos-santos/embed/#?secret=wmrveuG0hX" width="600" height="338" title="&#8220;Interview mit Eva Parth dos Santos, Unternehmerin und Gründerin Mint Girls&#8221; &#8212; Women in Tech e.V." data-secret="wmrveuG0hX" frameborder="0" marginwidth="0" marginheight="0" scrolling="no" class="wp-embedded-content"></iframe><script type="text/javascript">
/* <![CDATA[ */
/*! This file is auto-generated */
!function(d,l){"use strict";l.querySelector&&d.addEventListener&&"undefined"!=typeof URL&&(d.wp=d.wp||{},d.wp.receiveEmbedMessage||(d.wp.receiveEmbedMessage=function(e){var t=e.data;if((t||t.secret||t.message||t.value)&&!/[^a-zA-Z0-9]/.test(t.secret)){for(var s,r,n,a=l.querySelectorAll('iframe[data-secret="'+t.secret+'"]'),o=l.querySelectorAll('blockquote[data-secret="'+t.secret+'"]'),c=new RegExp("^https?:$","i"),i=0;i<o.length;i++)o[i].style.display="none";for(i=0;i<a.length;i++)s=a[i],e.source===s.contentWindow&&(s.removeAttribute("style"),"height"===t.message?(1e3<(r=parseInt(t.value,10))?r=1e3:~~r<200&&(r=200),s.height=r):"link"===t.message&&(r=new URL(s.getAttribute("src")),n=new URL(t.value),c.test(n.protocol))&&n.host===r.host&&l.activeElement===s&&(d.top.location.href=t.value))}},d.addEventListener("message",d.wp.receiveEmbedMessage,!1),l.addEventListener("DOMContentLoaded",function(){for(var e,t,s=l.querySelectorAll("iframe.wp-embedded-content"),r=0;r<s.length;r++)(t=(e=s[r]).getAttribute("data-secret"))||(t=Math.random().toString(36).substring(2,12),e.src+="#?secret="+t,e.setAttribute("data-secret",t)),e.contentWindow.postMessage({message:"ready",secret:t},"*")},!1)))}(window,document);
//# sourceURL=https://www.womenintechev.de/wp-includes/js/wp-embed.min.js
/* ]]> */
</script>

WIT: Hallo, Eva, bitte erzähle uns doch einmal kurz von dir persönlich. Eva: Ich bin Unternehmerin, Gründerin und Unterstützerin junger Mädchen und Frauen. Nach einer Karriere in einer grossen internationalen Firma, wo ich Softwaresysteme implementiert und ausgerollt habe, bin ich nun in der Start-up Welt gelandet und habe vor kurzem meine 2. Firma gegründet. WIT: ...
