{"version":"1.0","provider_name":"Women in Tech e.V.","provider_url":"https:\/\/www.womenintechev.de\/en\/","author_name":"Regina","author_url":"https:\/\/www.womenintechev.de\/en\/author\/regina\/","title":"Interview mit Anne de Kruijff, Assistant Plant Manager in einem chemischen Produktionsbetrieb - Women in Tech e.V.","type":"rich","width":600,"height":338,"html":"<blockquote class=\"wp-embedded-content\" data-secret=\"9uCReISSHA\"><a href=\"https:\/\/www.womenintechev.de\/en\/interview-mit-anne-de-kruijff\/\">Interview mit Anne de Kruijff, Assistant Plant Manager in einem chemischen Produktionsbetrieb<\/a><\/blockquote><iframe sandbox=\"allow-scripts\" security=\"restricted\" src=\"https:\/\/www.womenintechev.de\/en\/interview-mit-anne-de-kruijff\/embed\/#?secret=9uCReISSHA\" width=\"600\" height=\"338\" title=\"&#8220;Interview mit Anne de Kruijff, Assistant Plant Manager in einem chemischen Produktionsbetrieb&#8221; &#8212; Women in Tech e.V.\" data-secret=\"9uCReISSHA\" frameborder=\"0\" marginwidth=\"0\" marginheight=\"0\" scrolling=\"no\" class=\"wp-embedded-content\"><\/iframe><script type=\"text\/javascript\">\n\/* <![CDATA[ *\/\n\/*! This file is auto-generated *\/\n!function(d,l){\"use strict\";l.querySelector&&d.addEventListener&&\"undefined\"!=typeof URL&&(d.wp=d.wp||{},d.wp.receiveEmbedMessage||(d.wp.receiveEmbedMessage=function(e){var t=e.data;if((t||t.secret||t.message||t.value)&&!\/[^a-zA-Z0-9]\/.test(t.secret)){for(var s,r,n,a=l.querySelectorAll('iframe[data-secret=\"'+t.secret+'\"]'),o=l.querySelectorAll('blockquote[data-secret=\"'+t.secret+'\"]'),c=new RegExp(\"^https?:$\",\"i\"),i=0;i<o.length;i++)o[i].style.display=\"none\";for(i=0;i<a.length;i++)s=a[i],e.source===s.contentWindow&&(s.removeAttribute(\"style\"),\"height\"===t.message?(1e3<(r=parseInt(t.value,10))?r=1e3:~~r<200&&(r=200),s.height=r):\"link\"===t.message&&(r=new URL(s.getAttribute(\"src\")),n=new URL(t.value),c.test(n.protocol))&&n.host===r.host&&l.activeElement===s&&(d.top.location.href=t.value))}},d.addEventListener(\"message\",d.wp.receiveEmbedMessage,!1),l.addEventListener(\"DOMContentLoaded\",function(){for(var e,t,s=l.querySelectorAll(\"iframe.wp-embedded-content\"),r=0;r<s.length;r++)(t=(e=s[r]).getAttribute(\"data-secret\"))||(t=Math.random().toString(36).substring(2,12),e.src+=\"#?secret=\"+t,e.setAttribute(\"data-secret\",t)),e.contentWindow.postMessage({message:\"ready\",secret:t},\"*\")},!1)))}(window,document);\n\/\/# sourceURL=https:\/\/www.womenintechev.de\/wp-includes\/js\/wp-embed.min.js\n\/* ]]> *\/\n<\/script>\n","thumbnail_url":"https:\/\/www.womenintechev.de\/wp-content\/uploads\/2023\/03\/CTP_Familie-de-Kruijff_183-2-scaled.jpg","thumbnail_width":1020,"thumbnail_height":754,"description":"WIT: Hallo, Anne, Bitte erz\u00e4hle uns doch einmal kurz von dir pers\u00f6nlich Anne: Hi! Ich bin Anne, 33 Jahre alt und wohne mit meinem Mann, zwei Kindern und zwei Katzen in M\u00fchldorf \u00f6stlich von M\u00fcnchen. Vorher war ich zehn Jahre in Ludwigshafen am Rhein und urspr\u00fcnglich komme ich aus einem kleinen Dorf im Westen von ..."}

WIT: Hallo, Anne, Bitte erzähle uns doch einmal kurz von dir persönlich Anne: Hi! Ich bin Anne, 33 Jahre alt und wohne mit meinem Mann, zwei Kindern und zwei Katzen in Mühldorf östlich von München. Vorher war ich zehn Jahre in Ludwigshafen am Rhein und ursprünglich komme ich aus einem kleinen Dorf im Westen von ...
